585175 a multiple of 188?
False
Does 25 divide 38192925?
True
Is 12779392 a multiple of 32?
True
Is 456572752 a multiple of 116?
True
Does 551 divide 306635797?
False
Does 105 divide 39313762?
False
Does 4285 divide 919238491?
False
Does 88 divide 151543461?
False
Is 161 a factor of 14655186?
True
Does 4969 divide 446192292?
False
Does 11 divide 10984006?
True
Is 49228130 a multiple of 83?
True
Does 13 divide 21289931?
True
Does 498 divide 25544398?
False
Is 221876959 a multiple of 59?
False
Is 20 a factor of 199997400?
True
Is 256184360 even?
True
Is 11 a factor of 6542182?
False
Is 950332068 a multiple of 1764?
True
Is 178512772 a multiple of 3165?
False
Is 21146934 a multiple of 89?
True
Does 8 divide 248760?
True
Is 399773076 a multiple of 7729?
False
Is 96 a factor of 190155846?
False
Is 4228084 a multiple of 41?
True
Does 2 divide 17506320?
True
Is 25240447 a multiple of 123?
False
Is 24628240 a multiple of 10?
True
Is 517 a factor of 1487374088?
False
Is 32496150 a multiple of 25?
True
Is 8270675 a multiple of 175?
True
Does 4668 divide 23802132?
True
Is 84383260 a multiple of 3305?
True
Does 169 divide 1604256329?
True
Is 37578076 a multiple of 82?
False
Is 87138727 a multiple of 25?
False
Is 12 a factor of 1117660200?
True
Is 412 a factor of 17653121?
False
Does 39 divide 41704038?
False
Is 600248060 a multiple of 955?
True
Is 81 a factor of 34827923?
False
Does 160 divide 6806165?
False
Is 43468090 a multiple of 212?
False
Does 96 divide 87146965?
False
Is 162535061 a multiple of 126?
False
Is 28 a factor of 26456560?
False
Is 529 a factor of 305344090?
True
Is 63029925 a multiple of 9?
True
Does 20 divide 128509138?
False
Is 557 a factor of 1643150?
True
Is 926 a factor of 1034109574?
True
Is 44 a factor of 22013904?
True
Does 18 divide 35728506?
True
Does 195 divide 320985990?
True
Does 2458 divide 705298520?
True
Is 157 a factor of 2340425?
False
Is 52387411 a multiple of 5883?
False
Is 57 a factor of 17121974?
False
Is 352256257 a multiple of 5379?
False
Is 3 a factor of 19593723?
True
Is 24357103 a multiple of 2319?
False
Does 579 divide 165080427?
True
Is 16 a factor of 185127776?
True
Does 1228 divide 1980383580?
False
Is 118 a factor of 852735024?
True
Does 128 divide 582280107?
False
Does 10 divide 70070565?
False
Is 12643868 a multiple of 432?
False
Is 55 a factor of 25265244?
False
Is 337041936 a multiple of 2486?
True
Is 108 a factor of 944032536?
True
Is 628429029 a multiple of 6?
False
Does 25 divide 138340347?
False
Does 77 divide 30601417?
True
Does 251 divide 45004802?
True
Does 590 divide 42867214?
False
Is 243932488 a multiple of 8?
True
Is 356707678 even?
True
Does 192 divide 68396160?
True
Is 697 a factor of 27901204?
False
Is 37950588 a multiple of 2158?
True
Does 2122 divide 55083184?
False
Does 69 divide 390105672?
False
Is 387323416 a multiple of 46?
False
Is 15 a factor of 130076850?
True
Is 37428684 a multiple of 184?
False
Is 387 a factor of 24523094?
False
Does 18 divide 79014150?
True
Is 1460 a factor of 148370383?
False
Is 44 a factor of 2428536?
True
Does 682 divide 41538574?
True
Does 148 divide 442565320?
False
Does 205 divide 278093883?
False
Does 15 divide 110608559?
False
Is 5 a factor of 49082355?
True
Is 446 a factor of 4393384?
False
Does 1413 divide 3046104423?
True
Does 269 divide 18305988?
True
Does 249 divide 47760690?
True
Is 91 a factor of 34596107?
True
Is 1003 a factor of 22939578?
False
Does 650 divide 4745650?
True
Is 1870 a factor of 65586565?
False
Does 9 divide 1984284?
True
Is 10 a factor of 10180245?
False
Is 5 a factor of 6294953?
False
Is 49 a factor of 29253760?
False
Does 4 divide 12525981?
False
Is 8796700 even?
True
Is 263 a factor of 1424539763?
True
Is 2327 a factor of 44798131?
False
Is 82 a factor of 154384106?
True
Is 370016956 a multiple of 53?
True
Is 2461583825 a multiple of 25?
True
Does 11 divide 135947858?
False
Is 50 a factor of 20284407?
False
Is 721 a factor of 14317618?
True
Does 542 divide 368856618?
False
Does 219 divide 371706948?
True
Is 1424903522 a multiple of 253?
False
Is 224 a factor of 1176499218?
False
Is 468 a factor of 32563831?
False
Does 80 divide 927871068?
False
Is 116 a factor of 46780803?
False
Does 122 divide 142744392?
True
Does 40 divide 36095810?
False
Is 55 a factor of 2510640?
True
Is 6772387 a multiple of 1442?
False
Is 57 a factor of 1316932104?
True
Is 283227168 a multiple of 32?
True
Does 42 divide 35757482?
False
Does 2 divide 53241040?
True
Is 112 a factor of 69327552?
True
Is 161805472 a multiple of 973?
False
Is 384 a factor of 1136218122?
False
Is 39252483 a multiple of 20?
False
Is 13 a factor of 77295244?
True
Does 4432 divide 1633994192?
True
Is 18273892 a multiple of 14?
True
Is 392615244 a multiple of 126?
True
Is 2 a factor of 8411775?
False
Does 23 divide 17900877?
True
Is 24466725 a multiple of 188?
False
Does 1461 divide 99793079?
False
Is 933689198 a multiple of 221?
True
Is 662 a factor of 243509418?
True
Is 5 a factor of 78773758?
False
Does 696 divide 19926058?
False
Is 226107459 a multiple of 401?
True
Is 28431161 a multiple of 53?
True
Is 5 a factor of 218772372?
False
Does 41 divide 246125232?
False
Does 49 divide 421056314?
True
Is 297333406 a multiple of 743?
False
Does 2577 divide 288770782?
False
Does 43 divide 528538456?
True
Is 309320072 a multiple of 112?
False
Is 58 a factor of 24946728?
True
Is 1842166695 a multiple of 570?
False
Does 21 divide 17522522?
False
Is 10 a factor of 2716530017?
False
Is 33 a factor of 7468197?
True
Is 237569625 a multiple of 1036?
False
Is 413160499 a multiple of 516?
False
Is 18 a factor of 1007084412?
True
Does 990 divide 264573540?
True
Is 9 a factor of 967425849?
True
Is 65230090 a multiple of 140?
False
Is 74017205 a multiple of 28?
False
Is 1737 a factor of 413412948?
True
Is 1071 a factor of 755197435?
False
Does 30 divide 12741720?
True
Does 2 divide 998328?
True
Is 4 a factor of 72322226?
False
Is 9 a factor of 66860253?
True
Does 24 divide 3273203915?
False
Is 20 a factor of 51490980?
True
Is 25 a factor of 4717045?
False
Is 11936064 a multiple of 1162?
True
Does 38 divide 3474226?
True
Is 2 a factor of 1582786?
True
Is 79 a factor of 1005042424?
True
Does 44 divide 117386818?
False
Is 147 a factor of 23323167?
True
Does 5 divide 29694260?
True
Is 91 a factor of 1081715543?
False
Is 118814329 a multiple of 21?
False
Does 30 divide 4958220?
True
Is 36676512 a multiple of 32?
True
Is 204 a factor of 41146649?
False
Is 3 a factor of 412244256?
True
Does 3415 divide 279496998?
False
Does 24 divide 5439744940?
False
Does 5 divide 55525755?
True
Is 712 a factor of 11759392?
True
Does 4314 divide 677500758?
True
Is 790651421 a multiple of 5896?
False
Does 44 divide 48884352?
True
Does 3961 divide 343092450?
False
Does 313 divide 742987143?
False
Does 3 divide 1760549880?
True
Is 1900 a factor of 144090300?
True
Is 68178669 a multiple of 39?
True
Is 15510124 a multiple of 1112?
False
Is 7 a factor of 4450086?
False
Is 486 a factor of 354780?
True
Does 73 divide 388712855?
False
Is 34332715 a multiple of 138?
False
Is 450776177 a multiple of 305?
False
Does 21 divide 12464508?
True
Is 1002087710 a multiple of 6?
False
Does 6 divide 2588019?
False
Is 97798953 a multiple of 49?
True
Is 352874758 a multiple of 3450?
False
Does 1587 divide 77042487?
False
Does 1252 divide 22965668?
False
Is 63 a factor of 1149199?
False
Is 821 a factor of 68808010?
True
Is 134 a factor of 1004598?
True
Is 1061 a factor of 166134675?
False
Does 75 divide 646092153?
False
Is 171722324 a multiple of 283?
False
Is 19489 a factor of 3430887892?
False
Is 7 a factor of 113745224?
False
Does 378 divide 778299354?
True
Is 154 a factor of 111944413?
False
Is 54317205 a multiple of 1341?
True
Is 963 a factor of 276480?
False
Is 52 a factor of 5569657169?
False
Is 16743257 even?
False
Does 157 divide 25396010?
False
Is 443519184 a multiple of 8?
True
Is 42061051 a multiple of 498?
False
Does 75 divide 24744957?
False
Does 579 divide 159034509?
True
Does 330 divide 4602604?
False
Is 274 a factor of 353034635?
False
Is 6639923 a multiple of 78?
False
Is 22592230 a multiple of 109?
False
Does 16 divide 1032227072?
True
Is 84 a factor of 5636400?
True
Is 21 a factor of 28824883?
False
Does 1000 divide 1